rime?
True
Is 266633 prime?
True
Is 895 a composite number?
True
Is 5615 prime?
False
Is 30739 composite?
True
Is 12961 a composite number?
True
Is 34583 prime?
True
Is 631 a composite number?
False
Is 95747 prime?
True
Is 617989 a prime number?
False
Is 219709 prime?
False
Is 18511 prime?
False
Is 3007 a prime number?
False
Is 652615 a composite number?
True
Is 4837 a composite number?
True
Is 7177 a composite number?
False
Is 3019 prime?
True
Is 95303 composite?
True
Is 117901 a prime number?
False
Is 19001 composite?
False
Is 2309 composite?
False
Is 41927 a prime number?
True
Is 231091 composite?
True
Is 26137 a prime number?
False
Is 147073 a prime number?
True
Is 32999 a composite number?
False
Is 37463 a composite number?
False
Is 49493 composite?
True
Is 24359 a composite number?
False
Is 1174837 composite?
True
Is 2800955 prime?
False
Is 180434 a composite number?
True
Is 276865 composite?
True
Is 123787 prime?
True
Is 793043 composite?
False
Is 371383 prime?
True
Is 20477 a composite number?
False
Is 17783 a composite number?
False
Is 615031 prime?
True
Is 23773 prime?
True
Is 23117 a prime number?
True
Is 68063 a prime number?
False
Is 55529 prime?
True
Is 485 composite?
True
Is 805951 a prime number?
False
Is 97771 prime?
True
Is 171155 prime?
False
Is 18899 a composite number?
False
Is 15511 composite?
False
Is 269237 composite?
False
Is 380453 a composite number?
False
Is 34649 a prime number?
True
Is 1166773 a composite number?
False
Is 75521 composite?
False
Is 1462489 composite?
True
Is 90483 a prime number?
False
Is 839161 a prime number?
True
Is 2819 prime?
True
Is 751 a composite number?
False
Is 57457 a prime number?
True
Is 4951213 a prime number?
True
Is 126481 a prime number?
True
Is 379 a prime number?
True
Is 208739 composite?
False
Is 9239 a prime number?
True
Is 588743 a prime number?
True
Is 10109 composite?
True
Is 5737 prime?
True
Is 38297 a composite number?
True
Is 204933 a composite number?
True
Is 46199 a prime number?
True
Is 309 composite?
True
Is 127783 composite?
True
Is 221629 prime?
False
Is 46285 prime?
False
Is 24907 composite?
False
Is 9293 prime?
True
Is 9489 prime?
False
Is 11099 composite?
True
Is 49349 composite?
True
Is 7019 a prime number?
True
Is 56081 a composite number?
False
Is 1017091 composite?
True
Is 43669 composite?
False
Is 3793 prime?
True
Is 49597 a composite number?
False
Is 460273 composite?
True
Is 358499 composite?
False
Is 1002017 composite?
False
Is 48707 a prime number?
False
Is 2573 a composite number?
True
Is 33109 a prime number?
False
Is 410149 prime?
True
Is 110119 composite?
False
Is 31439 composite?
True
Is 300623 a prime number?
True
Is 16729 composite?
False
Is 2669 prime?
False
Is 254647 a composite number?
False
Is 304331 a prime number?
True
Is 1361011 composite?
False
Is 279077 composite?
True
Is 17159 composite?
False
Is 411371 a prime number?
True
Is 4087 a prime number?
False
Is 2360839 a composite number?
True
Is 879 prime?
False
Is 167701 prime?
False
Is 701 prime?
True
Is 13061 a prime number?
False
Is 1335695 a prime number?
False
Is 1250551 a composite number?
False
Is 202 a composite number?
True
Is 50927 a composite number?
True
Is 8147 composite?
False
Is 934657 a prime number?
False
Is 706 composite?
True
Is 50213 prime?
False
Is 23849 a prime number?
False
Is 171365 prime?
False
Is 261863 a prime number?
False
Is 31573 composite?
False
Is 601729 composite?
True
Is 35729 prime?
True
Is 7427 a composite number?
True
Is 736207 prime?
False
Is 283589 composite?
True
Is 32347 a composite number?
True
Is 5158 prime?
False
Is 1135 prime?
False
Is 257371 a prime number?
True
Is 41809 a composite number?
False
Is 420397 a composite number?
False
Is 78305 a prime number?
False
Is 305239 composite?
True
Is 7307 composite?
False
Is 34495 a composite number?
True
Is 12343 prime?
True
Is 4181 prime?
False
Is 193853 prime?
False
Is 156661 a prime number?
False
Is 161303 prime?
True
Is 8353 prime?
True
Is 19661 composite?
False
Is 6317 a composite number?
False
Is 22109 a prime number?
True
Is 43685 a composite number?
True
Is 38113 a prime number?
True
Is 142601 composite?
False
Is 2621189 a composite number?
True
Is 71237 a composite number?
False
Is 667349 composite?
True
Is 376537 a prime number?
False
Is 13613 composite?
False
Is 223 a prime number?
True
Is 156119 a composite number?
False
Is 2778051 prime?
False
Is 413851 composite?
True
Is 6971 prime?
True
Is 10589 prime?
True
Is 718871 composite?
False
Is 141587 composite?
False
Is 109479 a prime number?
False
Is 38039 a composite number?
False
Is 12199 composite?
True
Is 104613 prime?
False
Is 207057 a composite number?
True
Is 261111 a prime number?
False
Is 1823 composite?
False
Is 2183 composite?
True
Is 24317 composite?
False
Is 5557 a composite number?
False
Is 1726897 a composite number?
False
Is 59539 composite?
False
Is 62683 a prime number?
True
Is 98639 composite?
False
Is 1211459 prime?
False
Is 70687 composite?
False
Is 70109 composite?
True
Is 410829 a prime number?
False
Is 130943 prime?
False
Is 58333 a prime number?
False
Is 184003 a prime number?
True
Is 468967 prime?
True
Is 787 a composite number?
False
Is 415447 composite?
False
Is 613 a composite number?
False
Is 69599 prime?
False
Is 34439 composite?
False
Is 167199 composite?
True
Is 1009 a composite number?
False
Is 93157 composite?
True
Is 417083 prime?
False
Is 687649 prime?
False
Is 4111 a prime number?
True
Is 2647 a prime number?
True
Is 60355 prime?
False
Is 39323 a composite number?
False
Is 371897 composite?
False
Is 294751 a composite number?
False
Is 88411 a prime number?
True
Is 20269 composite?
False
Is 361927 a prime number?
True
Is 29553 a composite number?
True
Is 564193 composite?
True
Is 995023 a prime number?
True
Is 35381 a composite number?
False
Is 87959 composite?
False
Is 7639 prime?
True
Is 2333 a prime number?
True
Is 69873 composite?
True
Is 229997 composite?
True
Is 22299 a prime number?
False
Is 32839 a prime number?
True
Is 1649 a prime number?
False
Is 3137 a prime number?
True
Is 5069 a prime number?
False
Is 91253 prime?
True
Is 39677 a prime number?
False
Is 53671 prime?
False
Is 40423 prime?
True
Is 29557 composite?
True
Is 7478 a prime number?
False
Is 56081 a prime number?
True
Is 45679 prime?
False
Is 100403 composite?
False
Is 3389 composite?
False
Is 11579 prime?
True
Is 9031 prime?
False
Is 43093 prime?
True
Is 207659 prime?
False
Is 659 a composite number?
False
Is 13253 a prime number?
False
Is 13682 a prime number?
False
Is 6387 prime?
False
Is 13309 a prime number?
True
Is 1749047 prime?
True
Is 1229686 a prime number?
False
Is 42433 a prime number?
True
Is 4499 prime?
False
Is 20854 composite?
True
Is 6947 composite?
False
Is 174695 a prime number?
False
Is 313777 a composite number?
False
Is 521 a prime number?
True
Is 185483 a composite number?
False
Is 53683 prime?
False
Is 20887 composite?
False
Is 25889 prime?
True
Is 221349 a prime number?
False
Is 359993 prime?
False
Is 982381 prime?
True
Is 2397263 a composite number?
True
Is 10891 a composite number?
False
Is 3227 a prime number?
False
Is 13793 composite?
True
Is 39499 composite?
False
Is 1743419 a prime number?
True
Is 1901 composite?
False
Is 37619 a composite number?
False
Is 23551 composite?
True
Is 344501 composite?
True
Is 2927 prime?
True
Is 553973 prime?
False
Is 202819 composite?
True
Is 113241 prime?
False
Is 7613 prime?
False
Is 809797 prime?
True
Is 26747 prime?
False
Is 61351 prime?
False
Is 85873 prime?
False
Is 42235 a composite number?
True
Is 288593 composite?
True
Is 34841 prime?
True
Is 145735 prime?
False
Is 530969 a composite number?
False
Is 481489 prime?
True
Is 37483 prime?
True
Is 1552817 composite?
True
Is 423961 a composite number?
False
Is 16343 a prime number?
False
Is 5333 a composite number?
False
Is 77 prime?
False
Is 819029 a composite number?
False
Is 126095 composite?
True
Is 5039 a composite number?
False
Is 45447 a composite number?
True
Is 6353 composite?
False
Is 915991 a composite number?
False
Is 326309 composite?
False
Is 62767 a prime number?
False
Is 101069 a composite number?
True
Is 33961 a composite number?
False
Is 4987 composite?
False
Is 76907 a composite number?
False
Is 2927